 - 32) - 44?
-46
What is the value of (-33 - -119) + -75 + 2 - (1 - -9)?
3
What is the value of 0 + -17 - (29 + -19)?
-27
What is the value of 71 - (94 + -22) - -82?
81
What is -56 + 15 + 8 + 52?
19
Evaluate (-2359 - -2373) + (-1 + -44 + -3 - 2).
-36
What is (-109 + 1 - -167) + (-4 - (-18 + -4))?
77
Evaluate 53 - (37 + (107 - 86)).
-5
What is the value of (53 - 67 - (1 + 0 + (62 - 73))) + -78?
-82
What is (15 - (-14 - -15)) + (59 + -66 - (1 + 60))?
-54
What is the value of -9 + 10 + -11 + 91 + 7 - (-52 - -52)?
88
Evaluate (68 - 3) + (-17 - (26 + -22) - 3).
41
What is (-37 + 73 - 36) + -5?
-5
What is the value of 0 + 11 - (-12 + 31 + 11 + -29)?
10
(-10 - -12 - -10 - 18) + -58 + 13
-51
What is 9 + (-56 + 39 - (8 + 0)) - (19 + -22)?
-13
Calculate 1 + 4 + (-6 + 12 - -1) + -6 + -43.
-37
2 + -92 - (-5891 + 5836)
-35
What is 10 + (-38 - -23) + -12 - 7?
-24
What is the value of 50 + -81 + 46 - 22 - (-2 - -4 - -8)?
-17
Calculate (-15 - -34) + 28 + -39.
8
What is the value of (-1 - -8) + 9 - (-34 - -65)?
-15
Evaluate (48 - -9) + -36 + -8.
13
-39 - (-99 + 65) - (-6 + 84)
-83
Calculate 23 - 2 - ((3 - ((11 - 5) + 16)) + 7).
33
-25 - 0 - (-119 - (-38 + -44))
12
(-3 - -16 - 3) + -5 - (46 + -38 + 31)
-34
(-2 - -18) + -9 + -17 - (-1 + (2 - 50))
39
5 + -4 + 1 + -47 + (7 - (-2 - -17))
-53
What is -65 - -1 - (217 + -163 + -31)?
-87
Evaluate (-1 - -30) + -54 + 78 + -47.
6
Calculate -6 - 4 - (-7 + 21 + -83 + 0).
59
What is the value of -14 + 88 + -43 + -71?
-40
What is the value of (8 - 31) + 15 + (-15 - -80)?
57
Calculate (-2 + 5 - (4 - 0)) + (136 - (47 + 26)).
62
What is -56 + 10 - -25 - -51 - -6?
36
What is the value of -42 - (1 + -5 + (11 - 1) + 57 + -71)?
-34
What is -29 + (-15 + -23 - -74)?
7
What is (0 - -1) + 25 - (53 - (63 + -14))?
22
(44 - (45 - 38)) + -25
12
Evaluate (-20 - (-5 + 32)) + 85.
38
Calculate -2 - (2 + -15) - (1801 - 1765).
-25
What is -44 + 6 - (-449 - -455)?
-44
Calculate -25 + -1 + (-15 - (-28 - (-27 + 22))).
-18
What is 54 + (-35 - (-25 - -7))?
37
Calculate -227 - (154 + -340 + 92).
-133
What is 18 + -8 + (-2 - 0) - (36 - -1 - -34)?
-63
-1 + -14 + (-1 - (-3 + 4)) - -1
-16
127 + -194 + 51 - (0 + 9)
-25
What is the value of 0 + -7 + 2 - (-712 + 704) - (-35 + 4)?
34
Evaluate (-1 - 7 - -1) + (4716 - 4659).
50
-47 + 10 - (32 + 34 + -242)
139
What is (0 - 30) + (4 - 10) + (3 - (-24 - -20))?
-29
17 + (23 + -59 + 10 - 28)
-37
Calculate -71 - (-20 + -34 - (-34 - 2)).
-53
Evaluate -49 - -3 - (-53 - (1 - -111)).
119
What is -1 + 1 + -2 - ((22 + -37 - 0) + -21)?
34
Calculate (-6 - -3 - 7) + (66 + 28 - -26) + -3.
107
Calculate 27 + -8 + -48 + -39 + -3.
-71
What is the value of -7 + -1 - (67 + -47) - (-4 + 9)?
-33
Calculate 15 + (-23 - -68 - (9 - 0)).
51
Evaluate (-3 - (0 - 26)) + 2 + (-661 - -658) - 4.
18
What is the value of 10 + (4 - 0) + -3 + (-42 - -25) + 60?
54
What is (-41 - -6) + -16 + (5 - -23) + 0 + -4?
-27
What is the value of -26 + (21 - -11) + -69 + 88?
25
19 + ((-19 - (-12 - -2)) + -8 - -33)
35
-1 + -16 + -8 + (20 - 8) + -10
-23
45 + (-49 - -18) + -55
-41
Evaluate 13 + -26 + 10 - (1 - -33).
-37
19 - (-46 + 27) - 35
3
(20 - (20 - (16 - 6))) + 8
18
Calculate 117 - (-42 + -54 + 101) - (21 - -1).
90
Calculate (108 - 81 - 3) + (2 - (1 - 0)).
25
What is 9 + (15 + -11 - (-2 + 6)) - (-40 - -8)?
41
What is 146 + -86 + -91 + 11?
-20
Calculate -21 + 8 + -14 + -70 - (0 - (0 + -16)).
-113
What is the value of (-84 - -56) + (-3 - -1) + (3 - -2) + 1?
-24
-204 + 157 + 2 + (21 - -2)
-22
What is (-12 - 0 - (500 + -459)) + 0 + -3?
-56
Calculate -1 + (41 - 0) - (335 - 327).
32
-91 - (31 + (-26 - 57))
-39
Evaluate 3 - 1 - (1 + 10 + -9 - -12).
-12
49 - (73 + -13 + -72)
61
-54 + -39 + 113 + -23 + -1
-4
Calculate (-29 - -23) + (97 + -101 - (1 + (-39 - 1))).
29
What is -2 + -65 - (-5177 + 5063)?
47
What is the value of 43 + 1 + (27 - 139) + 106?
38
50 - ((0 - -28) + 27 + -76)
71
Calculate -1 - (-1 + -15) - (-277 + (-122 - -479)).
-65
What is 42 + (6 - (1 - -11))?
36
What is the value of 13 + (0 - 1) + -20910 + 20927?
29
What is (55 - -1) + (-116 + 180 - 77)?
43
Calculate 4 + (13 - (1 - (5 + -8))) + -25.
-12
What is 80 - (-95 - -235 - 117)?
57
Evaluate (8 - 46 - 6) + 94.
50
What is the value of 169 - 267 - -82 - (0 + (-3 - (-2 - -1)))?
-14
28 + (-24 - (-43 - -38))
9
Evaluate (-71 - (-40 + 2)) + 68.
35
What is the value of 9 + -16 + 20 + -10 - (7 - 0)?
-4
Calculate -2 + 62 - (-12 - (-70 - -45)).
47
Calculate (63 - 14) + -67 + 2 + (10 - 4).
-10
(19 - (-30 + -18 + 26 + 27)) + (105 - -2)
121
Calculate -100 + 27 + (-4 - (8 - 4) - -27).
-54
Calculate -10 + (32 - (-33 + -2 + 17)).
40
What is 23 - (36 + -52 - (-20 - 3)) - 3?
13
(1 - (9 + -1 - (19 + -6))) + 6 + -78
-66
What is (2 - 6) + 65 + 5 + -56 - (6 - 74)?
78
What is 8 + (-4 - (-8 + 7)) + 0 + -56?
-51
What is -3 + 53 + -2 + (4 - 20 - -6) - -5?
43
Calculate 108 + (-31 + (43 - 28) - (-17 + 0 - -4)).
105
Calculate -4 - ((-41 + 38 - -50) + (-12 - 0)).
-39
What is the value of (-39 - -90) + -88 - -30?
-7
What is the value of -4 + -9 - (2 + -36 + 18)?
3
21 + 3 - (34 - (-17 - -73))
46
What is 0 - -61 - (-39 - (-33 - 24))?
43
Evaluate 42 + -1 + (9 - 3) + -55 + 12 + 44.
48
(-22 - 8) + 4 + -17
-43
Calculate (-3 - (-3 - 20)) + 114 + (-213 - -24).
-55
(34 - -9) + -47 - (6 + (-25 - 3))
18
What is (0 - 78) + (7 - (-65 + 54))?
-60
Evaluate 24 + (13 + 7 - (95 + -65)).
14
Calculate -7 + 8 + 8 - (-32 - -10).
31
(2 - 12 - (-109 - -110)) + -2
-13
What is 103 + -7 + -63 + -40 + 1?
-6
What is the value of 4 - 32 - (16 + -7 + -5)?
-32
What is the value of 43 + 13 + (0 + -21 - -10) + 5?
50
Evaluate 10 + -18 + -7 + (8 - -10) + 93.
96
Calculate (-29 - -21) + 58 + -8.
42
What is the value of (-28 - -11 - -34) + 5 + 3?
25
Evaluate -45 + 125 + -65 - (17 - 0) - -11.
9
Calculate 2 + -33 - (1946 - 2027).
50
Evaluate -18523 - -18283 - (-1 - 113).
-126
(13 - 8 - -10 - 24) + -22
-31
Evaluate 7781 + -7779 + 3 + (1 - 0 - 3).
3
What is the value of (-229 - -165) + 1 + 126?
63
Evaluate 9 - (-2 - (-8 - (-6 + (7 - -11)))).
-9
Evaluate (-28 - (-29 + -9)) + 3 - 39 - (1 - 13).
-14
-9 + (-3 - -2) + (23 - -18) + -37
-6
24 - (49 - (59 + -29) - -2)
3
Evaluate 3 + (3 - (-20 + (1 - -3))) + -50 + 59.
31
What is the value of 5 + -2 + (40 + 12 + -20 - 11)?
24
What is -12 - (6 + -13) - (91 - 34)?
-62
Evaluate 85 - (103 + 102) - -45.
-75
What is the value of -41 - 2 - (17 + (-2 - -5) - (-409 - -430))?
-42
Evaluate 2 + 22 - ((-2 + -11 - 37) + 43).
31
Evaluate (46 - (-2 - -2)) + 2 - (-433 + 425).
56
-82 + 73 + (-144 - -286)
133
What is the value of (45 - (-28 - 18)) + -13 + 1?
79
-5 - (30 + -31 + -6 + 6 + 5)
-9
What is the value of 47 + (-31 - 33 - -35)?
18
What is (166 - 130) + (-1 - (5 - 4 - 5))?
39
Calculate (178 - 208) + (-11 - 2).
-43
Calculate -24 + 2 + 32 + (5 - (-2 - -5) - -24).
36
(67 - -2) + (-503 - -530) + (-1 - 8)
87
What is -6 + (26 - 6) + (-10 - -7) - (8 - 6)?
9
(-29 - (-41 + (26 - 22))) + 73
81
What is 0 + (-5 - -5 - (5 + -8 + -4))?
7
What is (-90 - -23) + 57 + -23?
-33
Evaluate -178 - -206 - (16 + -1 + 0 + 1 + -4).
16
What is 5 + -4 + 6 + -5 + 90 + -44?
48
Evaluate -2 + 25 + (55 - (36 - (53 - 53))).
42
Evaluate (168 + -49 - 175) + 11.
-45
Evaluate -22 - (-40 - 2 - -19).
1
Evaluate 0 + -2 + -4 - ((1 - -6) + -46).
33
What is the value of 820 - 871 - (5 + -7 - (7 - -1))?
-41
(-12 - ((-10 - 10) + 6) - -48) + -3
47
What is 28 + -55 + 59 + -23?
9
What is -5 - 66 - (4485 + -4533)?
-23
Calculate -55 + (33 - (-9 - -26)) + 6.
-33
What is -11 + (42 + -28 - (-6 - -12)) + 3?
0
Calculate -10 + -11 + (-8 + 16 - (-13 - -9) - 8).
-17
10 + -42 + -3 + -2
-37
9 - -3 - (-919 - -940)
-9
Evaluate -65 + (4 - 0) - (-59 - (-14 + -47)).
-63
Calculate 6 - (24 + 2 + -38) - 41.
-23
What is the value of (10 - -2) + (15 + -6 - (-3 + 1))?
23
-32 - (-17 + (44 - 23) + -18)
-18
Evaluate (69 - 0) + (-2 - -13) + (30 + -11 - 21).
78
Evaluate (-42 - (-43 + 14)) + -36.
-49
What is the value of 130 + -26 - (8 + (-28 - (17 + -36)))?
105
What is the value of 22 - -41 - 51 - (56 + (-2 - 0))?
-42
What is 1 - (-6 - (101 + (-9 - (-1 - 12)) + 2))?
114
-20 - (4 + 1 + (44 - 38))
-31
What is -26 + (34 - -17 - 27)?
-2
What is (168 - 251) + 50 + 6?
-27
Calculate 4 - ((8 + -40 - (-16 - -4)) + 3 + 4).
17
Calculate (4 - 5) + 9 + -7 + 7 + -6 + 5.
7
What is the value of -1 - -9 - (-36 + (83 - (43 - 19)))?
-15
Ca